 - i = 0, -m = -c + 16. Let n(w) = w**2 - 12*w - 3. What is n(c)?
-3
Suppose 0 = 5*x + 5*l - 10, 0 = 3*x + 2*l - 5 + 3. Let p be -46*x/(-16) + (-2)/8. Let i(a) = a**3 + 6*a**2 + 5*a - 2. Give i(p).
-32
Let a(v) be the first derivative of -v**4/4 + v**3/3 + 11*v**2/2 + 13*v - 2963. Calculate a(-2).
3
Let l be 4/26 + 1200/(-195) + 0. Let g(p) = -p**2 - p + 1. Calculate g(l).
-29
Let g(b) = -b**2 + 30*b + 47. Let z(x) = -2*x**2 + 91*x + 272. Let q be z(48). What is g(q)?
-17
Let g be (4/4 - -9)/(-2). Let u be 2 + g + 0 + 1. Let d(k) = -1. Let b(n) = 2*n. Let j(z) = -b(z) - 2*d(z). Determine j(u).
6
Let q(d) = d**2 + 5*d - 1. Let s(j) = 22*j + 4. Let k be -3 + 1 + -2 - -3. Let r be s(k). Let x = 13 + r. Determine q(x).
-1
Let m be (-17 + 22)/((-15)/(-21)). Let k(x) = 3*x**2 - 22*x. What is k(m)?
-7
Let m(l) = -6*l**3 + 4*l**3 + l**3 + 3*l - 5 + 6*l**2 - 3*l - 3*l. Give m(6).
-23
Let p = 2 + -1. Let h(n) = n**3 - n**2 - n + 1. Let b be h(p). Let i(c) = 533 - 1068 + c**3 + c**2 + 538. Calculate i(b).
3
Let b(n) = -16 - 1031*n + 7 + 1007*n. Determine b(-4).
87
Let a(v) be the first derivative of -17*v**2/2 - 64*v + 2948. Calculate a(-3).
-13
Let o(f) be the second derivative of -f**3/3 + 3*f**2/2 + 898*f. Let z(x) = -x**3 + 4*x**2 - 3*x + 3. Let b be z(3). Let v be 3/b*(5 - 0). Determine o(v).
-7
Let i(z) = -7*z**2 + 17*z + 49. Let t(o) = -19*o**2 + 53*o + 150. Let h(u) = 11*i(u) - 4*t(u). What is h(-20)?
39
Let u(a) = a**3 + 9*a**2 + 11*a + 9. Let p(k) = k**3 + 4*k**2 - 8*k - 19. Let h be p(-5). Let y(r) = -r**3 - 4*r**2 - r - 11. Let d be y(h). Determine u(d).
30
Let r(o) = -o**2 + 14*o - 30. Let d(u) = 62*u + 2369. Let l be d(-38). What is r(l)?
-17
Let q be (-11)/(-1) + (-12 - -10 - -4). Let l(j) = j**3 - 1 - 11*j**2 + 2*j**3 + 2*j + q*j**2 - 6*j**3. Calculate l(-2).
27
Let g(j) be the third derivative of -j**7/840 - j**6/72 + j**4/12 - 7*j**3/6 + j**2 - 15*j. Let i(z) be the first derivative of g(z). Calculate i(-5).
2
Let d be 32/14 + 6/(-21). Let i be ((-39)/(-6) - d)*(-6)/(-9). Let w(z) = 2*z**2 - 3*z + 3. What is w(i)?
12
Let d(j) be the third derivative of -j**5/10 + 19*j**4/24 + 11*j**3/6 + 3723*j**2. Determine d(4).
-9
Let j(b) be the first derivative of -b**2/2 - 14*b - 1868. Determine j(-21).
7
Let x(o) = o**2 - o + 1. Let g(d) = 5*d**2 + 2*d + 8. Suppose -i - c = 4*i - 35, -1 = -i + c. Let l(j) = i*x(j) - g(j). What is l(6)?
-14
Let p be (7/(-14))/((-2)/1976). Let u(w) = 9*w + 4*w - 483 + p - w**2 - 7*w**3. Let k(l) = -l**3 + l**2 + l + 1. Let a(f) = -6*k(f) + u(f). Calculate a(-8).
13
Suppose 5*i + 7 = -3*k - k, 0 = 3*k + 2*i. Let p(m) be the second derivative of m**4/12 - m**3/6 + m**2 + 6*m. Determine p(k).
4
Suppose 5*r = 3*i - 2, -3*r = -2*r - i. Let w(k) = 55*k - 7. Let d(o) = 157*o - 19. Let t(h) = 4*d(h) - 11*w(h). Give t(r).
-22
Suppose -5 = -f + 7. Let m be (f/9)/((-2)/9). Let w(j) be the first derivative of 3*j**2/2 + 9*j - 1. Determine w(m).
-9
Let x(s) = 6*s - 1. Let r(o) = -2*o**3 - 16*o**2 - 5*o + 2. Let j be r(-8). Let h be 3/(-21) - (-132)/j. What is x(h)?
17
Let h(t) = t + 1. Suppose 6 = 3*n, -2*i = -i - 4*n + 3. Suppose -z + 2*l + l = 1, 0 = -3*z + i*l + 1. Suppose 5*m = -z*c - 12, 2*c = 3*c + m. Give h(c).
5
Let s(d) = -d**2 - 12*d + 15. Suppose -56 = -6*x - 152. What is s(x)?
-49
Suppose -5 = 3*i - 8*i. Suppose 2*w + i - 3 = 0. Let s(x) = 31*x + 8. Let z(f) = 10*f + 3. Let c(g) = -3*s(g) + 8*z(g). Determine c(w).
-13
Let q(p) be the first derivative of -p**5/30 + p**4/4 + 79*p**3/3 - 62. Let z(d) be the third derivative of q(d). Calculate z(3).
-6
Let a(k) = -k + 9. Let z(u) = -9*u + 42. Let b be z(13). Let c = -75 - b. Suppose -3*w + 20 = -5*i + 3*i, c = 4*w + 2*i - 36. Calculate a(w).
1
Let q(d) = 180*d - 359*d - d**3 + 163*d - 17*d**2 + 18 + 6. Give q(-16).
24
Let v be -1 - (-48)/(-9) - (-2)/6. Let m be (-10 + (-8)/(-2))*4/v. Let t(i) = -3*i + 3 + m*i**2 + 4*i**2 - 7*i**2. What is t(5)?
13
Let m(u) = 35*u**2 - 13232 + 15*u - 15*u**2 + 13277 - 19*u**2. What is m(-9)?
-9
Let y(s) = -s**3 + 103*s**2 - 195*s - 709. Let n be y(101). Let v = -4 - -6. Let z(p) = -v*p**2 - 2 + 2*p**3 + 0*p**2 - 3*p**3. Calculate z(n).
-2
Let l(d) = 43 + 22 - 26*d + 1 + 44*d - 13*d. What is l(-10)?
16
Let k(w) = 115 - 34*w - 114 + 36*w. Let p = -141 + 134. What is k(p)?
-13
Let a(n) = -19*n**2 - 3*n + 11. Let d(c) = 49*c**2 + 8*c - 31. Let l(x) = -18*a(x) - 7*d(x). Determine l(0).
19
Let o(i) = -i**2 + 15. Let s(m) = -m - 1. Let x(v) = o(v) + 6*s(v). Let k be (-2 + 10)*(85 + -86). What is x(k)?
-7
Let w(d) = -d**2 - 15*d - 7. Let y(v) = -v**3 - 11*v**2 - 151*v - 74. Let l(q) = -21*w(q) + 2*y(q). Determine l(3).
-25
Let a(j) = -j**2 + 37*j + 20. Let t(n) = -2*n**2 + 40*n + 17. Let u(x) = -4*a(x) + 3*t(x). Calculate u(-13).
-3
Let m(p) = 2*p**3 - 13*p**2 - 10*p + 20. Let j be m(7). Let r be j/2 + (-2 - 54/(-12)). Let c(i) = -i**3 - 2*i**2 + i + 2. Determine c(r).
-12
Let f(p) = p**3 - 5*p**2 - 14*p - 9. Let x be f(7). Let d(t) = 13 + 12*t + 19*t**2 - 5*t**2 - 13*t**2. Determine d(x).
-14
Let z(d) = d**3 + 5*d**2 - 7*d - 4. Let m be z(-6). Let j(a) = 15*a - 8. Calculate j(m).
22
Let t(m) be the first derivative of -m**2/2 - 13*m + 2. Let g be t(-9). Let b(p) be the first derivative of -5*p**2/2 - 4*p + 9. Calculate b(g).
16
Let o(h) = 17*h**3 - h**2 + h. Let s(r) = -r**2 + 1. Let t(b) = -2*b**3 - 5*b**2 + b. Let q(l) = -3*s(l) - t(l). Let k = 91 + -95. Let x be q(k). Give o(x).
17
Let q(t) be the first derivative of -t**3/3 - 5*t**2 + 8*t - 2. Let a = 46894 + -46906. Give q(a).
-16
Let s = -17 - -15. Let d(n) be the third derivative of -n**5/10 - n**4/24 - 37*n**2. Calculate d(s).
-22
Let h be (-1120)/(-49)*(-28)/(-8). Let c be (-5 - h/(-15))*(0 + -9). Let j(k) = 2*k**2 + 3*k + 1. Give j(c).
10
Let g(h) = -2*h**3 - 4*h**2 - 3*h. Suppose 252 = 43*p - 29*p. Suppose p*n + 5 = -49. Calculate g(n).
27
Suppose -29*v = -28*v - 3. Let b be (-16)/(-1)*v/(-6). Let i(z) be the first derivative of -z**3/3 - 4*z**2 - z + 45. What is i(b)?
-1
Let u(l) = -l**3 + 5*l**2 - 6*l + 6. Suppose -5*q = -9*q + 28. Suppose -66 = -q*w + 5*w. Let z be (6/5)/(w/110). Determine u(z).
-2
Let o be -3 - (-2 - (5 + -11)/6). Let u be 0/(-3 - (o - (3 + -4))). Let t(y) = -y**3 - 2*y**2 - 3. What is t(u)?
-3
Let t(v) = 24 + 448*v - 155*v - 151*v - 152*v. Calculate t(3).
-6
Let y(p) be the second derivative of p**5/20 + 2*p**4/3 + 2*p**3 - 13*p**2/2 + 133*p + 6. Calculate y(-6).
-13
Let g(t) = 18 + 10 + 9 - 32 + 9*t. Suppose 0 = c + 5 - 1. Determine g(c).
-31
Let v = 116 - 113. Let r(k) = 0*k - v - 5 - 3*k. What is r(-8)?
16
Let z(m) = 2*m + 3. Let a be z(-4). Let x(d) be the second derivative of d**3/3 - d**2 - 20515*d. What is x(a)?
-12
Let n(p) be the first derivative of -p**4/4 - 2*p**3 - p**2 + 2*p + 21. Let r = 24 + -13. Suppose -r*i = -14*i - 18. Determine n(i).
14
Suppose -3*h + r - 479 = 0, 4*h + 2*r + 454 + 188 = 0. Let k be -4 + ((-2)/(-8))/((-8)/h). Let l(p) = -13*p**2 - p + 1. Give l(k).
-13
Let w be -24*4/(-28) - (-9)/(-21). Suppose n = 3*n + a + 1, 2*n = w*a + 19. Let p(t) = 7*t - 8*t + 2*t**2 - 7*t**n + t**3. Determine p(5).
-5
Let c(j) = j**3 + 8*j**2 + 9*j - 8. Suppose -3851*g = -3859*g - 48. Determine c(g).
10
Let m(t) be the second derivative of -1/20*t**5 - 6*t**2 - t**4 - 1/3*t**3 - 11*t + 1. Determine m(-12).
12
Let n be 1*((-2)/(-7) + 806/217). Let l(i) be the second derivative of -1/6*i**3 - 10*i + 1/2*i**2 + 0 + 1/12*i**n. Determine l(0).
1
Let r = 7 - 10. Let a(w) be the second derivative of -w**5/10 - w**4/3 + w**3/6 - 2*w - 400. Give a(r).
15
Let i(x) = x**2 + 90*x + 1978. Let w be i(-52). Let f(z) be the first derivative of -2*z**3 - 1/4*z**4 + 0*z**w - 13 - 3*z. Calculate f(-6).
-3
Let g be (13/(-4))/(1/(-4)). Let p(l) be the third derivative of -l**6/120 + 7*l**5/30 - 13*l**4/24 - l**3/2 - 921*l**2 - 7*l. Give p(g).
-3
Let p be (65/(-26))/((-1)/(-108)). Let r = p - -262. Let z(g) = -2*g - 15. Give z(r).
1
Let t(u) = -u**3 + u**2 + 1. Let f(i) = 2*i**3 - 4*i**2 + i + 15. Let o(s) = f(s) + 3*t(s). Suppose 5*b + 11*c = -33, 4*b + 3 = c + 6. Determine o(b).
18
Let p(d) = -d + 5. Let a be p(-25). Suppose -4*o - 2 = -a. Let i be -1*(o - (-2 - -6)). Let x(h) = 5*h + 2. Calculate x(i).
-13
Let y = 9639 - 9633. Let m(k) = -k**2 + 17*k - 68. Determine